 the highest common factor of 1360848 and 192?
48
Calculate the greatest common factor of 14789148 and 198.
66
What is the greatest common divisor of 11387412 and 45105?
291
What is the highest common factor of 39854886 and 2316?
1158
What is the highest common factor of 4389 and 587685?
21
Calculate the highest common factor of 1400 and 248416.
56
What is the greatest common divisor of 22167 and 91131?
2463
Calculate the highest common divisor of 962648 and 24.
8
Calculate the highest common factor of 2331 and 35069377.
259
Calculate the greatest common factor of 67385217 and 753.
753
What is the highest common factor of 28193 and 2671438?
121
Calculate the greatest common divisor of 1105010 and 55.
5
Calculate the highest common divisor of 1792530 and 885.
15
What is the greatest common divisor of 13407873 and 590433?
2967
Calculate the highest common factor of 91197078 and 1071.
357
Calculate the highest common divisor of 516762 and 5472.
342
Calculate the greatest common factor of 12 and 7873836.
12
What is the greatest common factor of 1627933718 and 2869?
2869
Calculate the greatest common factor of 278874 and 1086.
6
What is the highest common divisor of 27485 and 305?
5
Calculate the greatest common factor of 848 and 77392.
16
Calculate the greatest common factor of 94 and 947486.
2
Calculate the greatest common factor of 284177868 and 12.
12
Calculate the highest common divisor of 222218253 and 9.
9
What is the highest common factor of 5608947 and 9?
3
Calculate the highest common factor of 6374508 and 1924.
148
Calculate the highest common divisor of 12502640 and 7860.
2620
Calculate the highest common factor of 85950860 and 356.
356
Calculate the highest common divisor of 15250556 and 59.
59
What is the greatest common factor of 45 and 9265815?
45
Calculate the greatest common factor of 3171486 and 1550.
62
Calculate the highest common factor of 338275 and 15575.
175
What is the highest common divisor of 1491264 and 4239?
27
What is the highest common divisor of 13 and 6217367?
13
Calculate the greatest common divisor of 2954609424 and 312.
312
Calculate the greatest common divisor of 8 and 1587238088.
8
Calculate the highest common factor of 3163496 and 35.
7
What is the highest common factor of 1765 and 4164215?
5
What is the highest common factor of 492474 and 74694?
1266
What is the highest common factor of 139384 and 8628053?
917
What is the highest common divisor of 1116 and 1144334?
62
What is the highest common factor of 4847005 and 65?
5
What is the highest common factor of 11025 and 189777?
147
What is the greatest common divisor of 328502595 and 60?
15
Calculate the greatest common divisor of 1125174 and 169927.
677
Calculate the greatest common divisor of 359 and 17589205.
359
What is the highest common factor of 16538811 and 6177?
213
Calculate the highest common divisor of 9699560 and 270296.
2392
Calculate the highest common factor of 2697 and 26051625.
93
What is the highest common divisor of 91455403 and 184847?
3133
Calculate the highest common divisor of 11410 and 19880.
70
Calculate the greatest common divisor of 7930240 and 1920.
640
Calculate the greatest common factor of 4635 and 1260255.
15
Calculate the greatest common factor of 573304087 and 2551.
2551
What is the greatest common factor of 59070 and 52230?
30
What is the highest common factor of 10515 and 2763?
3
Calculate the highest common divisor of 2109 and 65570919.
2109
What is the greatest common factor of 119 and 1244583515?
119
Calculate the greatest common divisor of 1404 and 12905984.
52
Calculate the highest common factor of 12 and 2202539.
1
What is the highest common factor of 29848 and 129794?
14
What is the highest common factor of 91 and 20530575?
13
Calculate the highest common factor of 54094959 and 1701.
243
What is the greatest common factor of 4145754 and 159618?
4314
Calculate the highest common divisor of 122205484 and 568.
284
What is the greatest common divisor of 11200 and 39970?
70
Calculate the highest common factor of 860 and 8964220.
20
Calculate the greatest common divisor of 22905845 and 25305.
1205
What is the highest common factor of 201956 and 12644?
116
What is the highest common divisor of 2157980 and 188870?
1870
What is the greatest common divisor of 131175 and 30525?
825
What is the highest common divisor of 63 and 27076959?
63
What is the highest common factor of 137426830 and 5?
5
What is the greatest common factor of 566893 and 1611?
179
What is the highest common divisor of 2654970 and 2130?
30
Calculate the highest common divisor of 15362124 and 336.
12
What is the highest common divisor of 25152084 and 396?
36
Calculate the highest common divisor of 6124165 and 20165.
545
Calculate the highest common factor of 648 and 3721464.
648
What is the greatest common divisor of 14648 and 5400?
8
What is the highest common divisor of 160 and 9242820?
20
What is the greatest common divisor of 204140 and 14705?
865
What is the highest common divisor of 364 and 8397396?
28
What is the highest common factor of 6867 and 145344633?
2289
What is the highest common divisor of 16229994 and 594?
66
What is the greatest common divisor of 3960 and 65712680?
440
Calculate the highest common factor of 76973 and 130031081.
5921
What is the greatest common factor of 30 and 24417495?
15
What is the greatest common factor of 67300 and 157900?
100
Calculate the highest common divisor of 4327 and 1289718601.
4327
What is the highest common divisor of 3933 and 5411979?
171
What is the greatest common divisor of 3455 and 11953609?
691
Calculate the highest common factor of 198164800 and 448.
64
Calculate the greatest common factor of 39 and 356186298.
39
What is the greatest common factor of 7656400 and 1696?
16
Calculate the greatest common factor of 150 and 11546625.
75
What is the highest common divisor of 73516088 and 4482?
166
What is the greatest common divisor of 137 and 3639953?
137
Calculate the highest common factor of 220 and 15631055.
55
Calculate the highest common factor of 144720 and 2241552.
3216
Calculate the greatest common factor of 2760899 and 41.
41
What is the highest common factor of 9286290 and 130?
130
What is the greatest common divisor of 9592352 and 96866?
2618
Calculate the highest common factor of 53933 and 42493.
11
What is the greatest common factor of 725 and 1124875?
25
What is the greatest common factor of 36714 and 166518?
174
Calculate the highest common factor of 468 and 586787916.
156
Calculate the greatest common divisor of 12408 and 2503878.
282
Calculate the highest common divisor of 852 and 2559266.
142
Calculate the highest common factor of 276571717 and 326.
163
What is the greatest common factor of 90056057 and 398?
199
Calculate the highest common divisor of 90 and 33696765.
45
What is the greatest common factor of 37820439 and 810?
81
Calculate the highest common divisor of 19116 and 36095492.
236
What is the highest common factor of 13287 and 363651?
129
Calculate the highest common divisor of 22190616 and 1008.
504
Calculate the greatest common factor of 5224 and 354713518.
1306
What is the greatest common divisor of 12 and 1016700252?
12
Calculate the highest common divisor of 99196617 and 12441.
1131
Calculate the highest common factor of 1088962 and 686.
14
What is the greatest common factor of 11649010 and 3190?
290
What is the greatest common divisor of 212 and 26230124?
212
What is the highest common factor of 378 and 358806?
42
What is the greatest common factor of 294440 and 148920?
680
Calculate the greatest common factor of 83577230 and 88.
22
Calculate the greatest common divisor of 452 and 29973137.
113
What is the greatest common factor of 8378700 and 44?
44
Calculate the highest common factor of 518475 and 10175.
25
What is the greatest common divisor of 1899 and 206935929?
1899
Calculate the highest common divisor of 1525 and 315919.
61
Calculate the greatest common divisor of 11815001 and 1551.
517
What is the greatest common divisor of 102 and 20617464?
102
What is the greatest common factor of 186 and 16158?
6
What is the greatest common divisor of 318250346 and 4?
2
What is the highest common divisor of 1160754 and 15248?
1906
Calculate the highest common divisor of 462